test common divisor of 80 and s.
40
Suppose 3*u - 5*h = -2*h + 48, -4*u - h + 64 = 0. Let l be -2*(-2)/(-8) + 808/u. Suppose 478 + l = 12*x. Calculate the greatest common divisor of 132 and x.
44
Suppose -n = 7, 13*n - 26 = 3*p + 18*n. What is the highest common factor of 449 and p?
1
Suppose -439*o = -213*o - 214*o - 828. Calculate the greatest common factor of o and 3013.
23
Let x = -369 - -809. Suppose 17*u - 6*u = x. Suppose -43*j + u*j = -21. What is the greatest common divisor of j and 49?
7
Suppose -5*v - 5*a = -35, -4*v + 4*a + 63 = a. Let g = 44 + -11. Let n be -2 + g/v - (-33)/4. What is the highest common divisor of n and 45?
9
Suppose 12*q - 2967 = -2*n + 1841, 0 = 5*n - 5*q - 12090. Calculate the greatest common divisor of n and 96.
16
Let s(o) = -17*o - 39. Let m be s(-16). Let g = m + -130. Let v be g - (1 - -3) - 3. Calculate the highest common factor of 12 and v.
12
Let d(g) = -2*g**2 + g**2 + 6*g**2 + 7 - 296*g + 251*g. Let f be d(9). Let a(n) = -2*n - 1. Let o be a(-2). What is the greatest common factor of f and o?
1
Suppose 369*v - 349*v = 4600. Calculate the greatest common factor of v and 1794.
46
Suppose a = 35 + 58. Suppose 2*x + 205 = 4*v - x, -5*v - x + 242 = 0. Let d = a - v. Calculate the highest common divisor of 220 and d.
44
Suppose 182 = 2*w + 58. Suppose -3*y = 9*y + 72. Let k(f) = -f**3 - 4*f**2 - 14*f - 1. Let j be k(y). What is the highest common divisor of w and j?
31
Let d be (-312)/(-1092) + 12468/21. Calculate the highest common factor of d and 1809.
27
Let a be 21/84 - (-30)/8. Suppose 41 = a*n + 17. Suppose 4*i - 3*b = 4, i - n = -2*b + 6. What is the highest common divisor of 6 and i?
2
Suppose 253 = 3*p + 8*p. Suppose -2*b + p = -9. Let h = -318 + 478. Calculate the highest common factor of b and h.
16
Let r = -5034 + 5142. Calculate the highest common divisor of r and 5028.
12
Suppose d = -5*g + 421, 3*d - 130 = -9*g + 623. What is the highest common divisor of 17 and g?
17
Suppose 295 = z - 4*u, 2*z + 44 = -3*u + 535. Calculate the greatest common factor of z and 23051.
259
Let x be 2318/4 + (-2)/(-4). Let y be x/2 + 0/(-1). Let z = -19431 + 19460. What is the highest common factor of y and z?
29
Let l(f) = 13*f**2 - 514*f - 2596. Let p be l(-5). Calculate the highest common factor of 117 and p.
13
Let g = -21858 + 21990. Calculate the greatest common divisor of 18744 and g.
132
Let v be 2 - 10 - (-7)/(35/50). What is the highest common divisor of 251 and v?
1
Let i(u) = -u - 6*u**2 + 6*u + u**3 - 3*u - 3 - 6*u. Let n be i(6). Let h = -6 - n. What is the highest common divisor of h and 84?
21
Let y be (-2)/4 - (1846/(-52) + 3). Let m = 179 + -107. Calculate the highest common divisor of y and m.
8
Let o(r) = -3*r**2 + 29*r + 51. Let j be o(-13). Let t = 834 + j. Calculate the highest common divisor of t and 66.
1
Let s(l) = -2121*l - 3050. Let z be s(-13). What is the greatest common factor of 137 and z?
137
Let t = -3010 + 3030. What is the highest common factor of 610 and t?
10
Suppose -7625 = -92*w + 3323. What is the greatest common factor of 1122 and w?
17
Suppose 624*k + 337194 = 723*k. What is the greatest common divisor of 655 and k?
131
Suppose -27*n + 103 + 194 = 0. Suppose 4*z - 200 = 2*z + 2*l, -5 = 5*l. Suppose -2*k + z = -k. What is the greatest common divisor of n and k?
11
Suppose 77*l - 450 - 1090 = 0. What is the highest common divisor of l and 8140?
20
Let y = -2395 + 2435. What is the highest common factor of 496 and y?
8
Suppose 5 = 3*l - 22. Suppose -4*m = -5*m + 4*i + l, 155 = 5*m + 2*i. Suppose 1480 = -28*j + 4728. Calculate the greatest common factor of m and j.
29
Suppose -110*v = -1199 - 73601. Calculate the highest common factor of v and 600.
40
Let f(z) = 6*z - 17*z - 2*z - z**2 - 160 - 16*z. Let x be f(-10). Calculate the highest common factor of x and 42.
6
Let r(j) = -7*j - 55. Let x be r(25). Let t = 248 + x. What is the greatest common factor of t and 14?
2
Suppose -18*w + 17*w - 9 = -80. Calculate the greatest common factor of 2272 and w.
71
Let b(m) = -m**3 - 4 - 6*m - 6*m**2 - 3 + 10 + 2*m**2. Let q be b(-4). Let y = 31 + q. What is the highest common factor of 87 and y?
29
Let j be 3/(-24) - 3/(-24). Suppose s - q - 2 = -j*s, -3*q - 5 = -2*s. Let v be s/(-8)*2 + 405/36. Calculate the greatest common factor of v and 99.
11
Let c be (0 + 285)/(-5)*4/18*-3. What is the highest common factor of c and 6517?
19
Suppose -9*i = -5*i + u - 33, -3*i = -5*u + 4. Suppose -4*k + k = -z - i, 5*z - 25 = 0. What is the greatest common factor of k and 60?
4
Let k = -17864 - -21224. Calculate the greatest common factor of 540 and k.
60
Suppose -195 = -5*a + o, 0 = -2*a + 4*a + 5*o - 105. Let q be (-500)/(0 - (-6)/(-12)). Calculate the highest common divisor of a and q.
40
Suppose 72386 = -21*f + 2582. Let h be (-4)/(-34) - f/68. Calculate the highest common divisor of 196 and h.
49
Let m(h) = 2*h**3 - 25*h**2 - 36*h + 893. Let t be m(17). Calculate the highest common factor of t and 1834.
262
Let u be 1/((-2)/(-82)) + -8. Calculate the highest common factor of u and 15.
3
Let h = -6942 - -6967. Let r = -61 + 86. Calculate the highest common divisor of h and r.
25
Let t(q) = q + 23. Let a be t(-19). Let j be 0 + 4 - 2 - (a + -14). What is the highest common divisor of j and 28?
4
Let n = -111 - -131. Suppose y + 0*l + 10 = -5*l, y + 1 = -2*l. Calculate the greatest common factor of y and n.
5
Let b(a) = -5 + 5*a + 50 - 5*a + 5*a + 4*a. Let y be b(12). What is the greatest common divisor of 85 and y?
17
Let i = 770 + -767. Let z(l) = 62*l**2 + 12*l + 1. Let f be z(i). What is the highest common divisor of 35 and f?
35
Let z be (-36)/(-12)*(-190)/(-3). What is the highest common factor of z and 171?
19
Suppose -5*y = -287*g + 285*g + 1891, 0 = -4*g + y + 3719. What is the greatest common divisor of g and 416?
32
Suppose -12*f = -d - 236, -4*f - 48*d + 44*d + 96 = 0. What is the highest common divisor of f and 538?
2
Suppose -r - 9*x = -13*x - 571, 0 = 5*r - 4*x - 2903. Calculate the greatest common factor of 132 and r.
11
Let l be (40/(-28))/((-12)/84). Let y be l*(581/14 - -5). Calculate the highest common factor of y and 31.
31
Suppose 3*a = -5*c + 14667, -a + 2*c = 418 - 5285. Calculate the greatest common factor of a and 476.
119
Suppose -m + 5*z = -62, 2*z - 101 = -2*m + 47. Suppose 798 = 4*r + 126. What is the greatest common divisor of m and r?
24
Let g be 6 - -11 - 128/16. Suppose 0 = -3*k + 4*k - 3. Calculate the greatest common factor of g and k.
3
Let v = -32 - -33. Let w be 53 + (v - 8) - 4. Calculate the highest common factor of w and 6.
6
Let q be (-77022)/(-110) - 2/10. Suppose r + 4*y - 40 = 124, 0 = -4*r - 5*y + q. What is the greatest common factor of r and 36?
36
Let b(k) = -6*k**3 - 126*k**2 - 26*k - 114. Let y be b(-21). What is the highest common factor of 3072 and y?
48
Suppose 64*y - 103*y + 78 = 0. Suppose -h - h = -3*b, 5*h - 5*b = 0. Suppose q - l = 1 + 5, y*q - 3*l - 10 = h. What is the highest common factor of 56 and q?
8
Suppose 4*k - u = 7692, 21*u - 24*u = -4*k + 7700. What is the highest common factor of k and 124?
62
Let u(j) = 4*j - 2. Let i(f) = -f + 1. Let a(c) = -10*i(c) - 2*u(c). Let h be a(5). Let o be (457/4 - h/16) + 2. What is the highest common factor of o and 29?
29
Let s(l) = 2*l**3 - 12*l**2 - 5*l + 10. Let d be s(9). Calculate the greatest common factor of d and 123.
41
Let m = 7959 - 7944. Calculate the highest common factor of 28095 and m.
15
Let h = -39800 + 41021. What is the highest common divisor of h and 1782?
33
Let n = 547 - 377. Suppose n = 4*o + o. Suppose -869 = -15*q - 104. Calculate the greatest common factor of o and q.
17
Let i(a) = -2*a**3 - 23*a**2 - 7*a + 47. Let l be i(-12). Let o = l + -223. What is the greatest common factor of 884 and o?
52
Let n(m) = 42*m - 105. Let w be n(4). Calculate the greatest common divisor of w and 10689.
21
Suppose -3*z - m = -84, 5*z - 45 = 3*m + 81. Suppose 27 = 6*d - z. Suppose -5*s + v = -0*v - 11, -3*v = -s - d. Calculate the highest common divisor of 3 and s.
3
Suppose -117 + 224 = 2*u + t, -u = 3*t - 61. Let b = 2 - -11. What is the greatest common factor of b and u?
13
Let o(x) = -3*x**2 + 257*x - 866. Let v be o(82). Let y(q) = 3*q + 1. Let r be y(5). Suppose r = 4*p - 5